{"id":2265,"date":"2020-03-10T19:07:59","date_gmt":"2020-03-10T18:07:59","guid":{"rendered":"http:\/\/www.brokenwings.nl\/?page_id=2265"},"modified":"2022-12-06T16:36:53","modified_gmt":"2022-12-06T15:36:53","slug":"opening-expositie-helden-in-een-vergeefse-strijd","status":"publish","type":"page","link":"https:\/\/www.brokenwings.nl\/?page_id=2265","title":{"rendered":"Opening expositie &#8216;Helden in een vergeefse strijd&#8217;"},"content":{"rendered":"<p><span style=\"color: #ff0000;\">Alle festiviteiten van Stichting Vrijheid in Gemeente Epe in het kader van 75 jaar Vrijheid zijn afgelast. Enkele activiteiten zullen mogelijk verplaatst worden naar een later tijdstip. Informatie hierover t.z.t. in lokale media.<\/span><\/p>\n<p><strong>Opening Expositie Broken Wings<\/strong><\/p>\n<p>In het kader van 75 jaar bevrijding was er vrijdag 6 maart de opening van de exposities in Museum Vaassen Historie in Vaassen.<br \/>\nDeze heeft als titel : \u2018Helden in een vergeefse strijd\u2019, een eerbetoon aan de jonge mannen uit de gemeente Epe die vochten voor onze vrijheid in de meidagen van 1940.<br \/>\nDaarnaast is er een VH-expositie (militair materieel) van de modelbouwvereniging Samen Sterk uit Vaassen en een expositie kantklossen.<\/p>\n<p>Voor een kleine impressie van de exposities ziet u hieronder <a href=\"https:\/\/www.brokenwings.nl\/wp-content\/uploads\/2020\/03\/BW-Fotos-Expositie-2020-MVH.pdf\">aantal <\/a> foto&#8217;s.<\/p>\n<p>De exposities in Museum Vaassen Historie zijn te bezichtingen van 17 april tot begin september.<\/p>\n","protected":false},"excerpt":{"rendered":"<p>Alle festiviteiten van Stichting Vrijheid in Gemeente Epe in het kader van 75 jaar Vrijheid zijn afgelast. Enkele activiteiten zullen mogelijk verplaatst worden naar een later tijdstip. Informatie hierover t.z.t. in lokale media. Opening Expositie Broken Wings In het kader &hellip; <a href=\"https:\/\/www.brokenwings.nl\/?page_id=2265\">Lees verder <span class=\"meta-nav\">&rarr;<\/span><\/a><\/p>\n","protected":false},"author":5,"featured_media":0,"parent":1536,"menu_order":9,"comment_status":"closed","ping_status":"closed","template":"","meta":{"_mc_calendar":[],"footnotes":""},"class_list":["post-2265","page","type-page","status-publish","hentry"],"yoast_head":"<!-- This site is optimized with the Yoast SEO plugin v26.8 - https:\/\/yoast.com\/product\/yoast-seo-wordpress\/ -->\n<title>Opening expositie &#039;Helden in een vergeefse strijd&#039; -<\/title>\n<meta name=\"robots\" content=\"index, follow, max-snippet:-1, max-image-preview:large, max-video-preview:-1\" \/>\n<link rel=\"canonical\" href=\"https:\/\/www.brokenwings.nl\/?page_id=2265\" \/>\n<meta property=\"og:locale\" content=\"nl_NL\" \/>\n<meta property=\"og:type\" content=\"article\" \/>\n<meta property=\"og:title\" content=\"Opening expositie &#039;Helden in een vergeefse strijd&#039; -\" \/>\n<meta property=\"og:description\" content=\"Alle festiviteiten van Stichting Vrijheid in Gemeente Epe in het kader van 75 jaar Vrijheid zijn afgelast. Enkele activiteiten zullen mogelijk verplaatst worden naar een later tijdstip. Informatie hierover t.z.t. in lokale media. Opening Expositie Broken Wings In het kader &hellip; Lees verder &rarr;\" \/>\n<meta property=\"og:url\" content=\"https:\/\/www.brokenwings.nl\/?page_id=2265\" \/>\n<meta property=\"article:publisher\" content=\"https:\/\/www.facebook.com\/StichtingBrokenWings\/\" \/>\n<meta property=\"article:modified_time\" content=\"2022-12-06T15:36:53+00:00\" \/>\n<meta name=\"twitter:card\" content=\"summary_large_image\" \/>\n<meta name=\"twitter:label1\" content=\"Geschatte leestijd\" \/>\n\t<meta name=\"twitter:data1\" content=\"1 minuut\" \/>\n<script type=\"application\/ld+json\" class=\"yoast-schema-graph\">{\"@context\":\"https:\/\/schema.org\",\"@graph\":[{\"@type\":\"WebPage\",\"@id\":\"https:\/\/www.brokenwings.nl\/?page_id=2265\",\"url\":\"https:\/\/www.brokenwings.nl\/?page_id=2265\",\"name\":\"Opening expositie 'Helden in een vergeefse strijd' -\",\"isPartOf\":{\"@id\":\"https:\/\/www.brokenwings.nl\/#website\"},\"datePublished\":\"2020-03-10T18:07:59+00:00\",\"dateModified\":\"2022-12-06T15:36:53+00:00\",\"breadcrumb\":{\"@id\":\"https:\/\/www.brokenwings.nl\/?page_id=2265#breadcrumb\"},\"inLanguage\":\"nl-NL\",\"potentialAction\":[{\"@type\":\"ReadAction\",\"target\":[\"https:\/\/www.brokenwings.nl\/?page_id=2265\"]}]},{\"@type\":\"BreadcrumbList\",\"@id\":\"https:\/\/www.brokenwings.nl\/?page_id=2265#breadcrumb\",\"itemListElement\":[{\"@type\":\"ListItem\",\"position\":1,\"name\":\"Home\",\"item\":\"https:\/\/www.brokenwings.nl\/\"},{\"@type\":\"ListItem\",\"position\":2,\"name\":\"Historie\",\"item\":\"https:\/\/www.brokenwings.nl\/?page_id=16\"},{\"@type\":\"ListItem\",\"position\":3,\"name\":\"75 jaar (+2) bevrijding\",\"item\":\"https:\/\/www.brokenwings.nl\/?page_id=1536\"},{\"@type\":\"ListItem\",\"position\":4,\"name\":\"Opening expositie &#8216;Helden in een vergeefse strijd&#8217;\"}]},{\"@type\":\"WebSite\",\"@id\":\"https:\/\/www.brokenwings.nl\/#website\",\"url\":\"https:\/\/www.brokenwings.nl\/\",\"name\":\"www.brokenwings.nl\",\"description\":\"\",\"publisher\":{\"@id\":\"https:\/\/www.brokenwings.nl\/#organization\"},\"potentialAction\":[{\"@type\":\"SearchAction\",\"target\":{\"@type\":\"EntryPoint\",\"urlTemplate\":\"https:\/\/www.brokenwings.nl\/?s={search_term_string}\"},\"query-input\":{\"@type\":\"PropertyValueSpecification\",\"valueRequired\":true,\"valueName\":\"search_term_string\"}}],\"inLanguage\":\"nl-NL\"},{\"@type\":\"Organization\",\"@id\":\"https:\/\/www.brokenwings.nl\/#organization\",\"name\":\"Stichting Broken Wings\",\"url\":\"https:\/\/www.brokenwings.nl\/\",\"logo\":{\"@type\":\"ImageObject\",\"inLanguage\":\"nl-NL\",\"@id\":\"https:\/\/www.brokenwings.nl\/#\/schema\/logo\/image\/\",\"url\":\"https:\/\/i0.wp.com\/www.brokenwings.nl\/wp-content\/uploads\/2023\/09\/NWE-logo-Broken-Wings.jpg?fit=199%2C136&ssl=1\",\"contentUrl\":\"https:\/\/i0.wp.com\/www.brokenwings.nl\/wp-content\/uploads\/2023\/09\/NWE-logo-Broken-Wings.jpg?fit=199%2C136&ssl=1\",\"width\":199,\"height\":136,\"caption\":\"Stichting Broken Wings\"},\"image\":{\"@id\":\"https:\/\/www.brokenwings.nl\/#\/schema\/logo\/image\/\"},\"sameAs\":[\"https:\/\/www.facebook.com\/StichtingBrokenWings\/\"]}]}<\/script>\n<!-- \/ Yoast SEO plugin. -->","yoast_head_json":{"title":"Opening expositie 'Helden in een vergeefse strijd' -","robots":{"index":"index","follow":"follow","max-snippet":"max-snippet:-1","max-image-preview":"max-image-preview:large","max-video-preview":"max-video-preview:-1"},"canonical":"https:\/\/www.brokenwings.nl\/?page_id=2265","og_locale":"nl_NL","og_type":"article","og_title":"Opening expositie 'Helden in een vergeefse strijd' -","og_description":"Alle festiviteiten van Stichting Vrijheid in Gemeente Epe in het kader van 75 jaar Vrijheid zijn afgelast. Enkele activiteiten zullen mogelijk verplaatst worden naar een later tijdstip. Informatie hierover t.z.t. in lokale media. Opening Expositie Broken Wings In het kader &hellip; Lees verder &rarr;","og_url":"https:\/\/www.brokenwings.nl\/?page_id=2265","article_publisher":"https:\/\/www.facebook.com\/StichtingBrokenWings\/","article_modified_time":"2022-12-06T15:36:53+00:00","twitter_card":"summary_large_image","twitter_misc":{"Geschatte leestijd":"1 minuut"},"schema":{"@context":"https:\/\/schema.org","@graph":[{"@type":"WebPage","@id":"https:\/\/www.brokenwings.nl\/?page_id=2265","url":"https:\/\/www.brokenwings.nl\/?page_id=2265","name":"Opening expositie 'Helden in een vergeefse strijd' -","isPartOf":{"@id":"https:\/\/www.brokenwings.nl\/#website"},"datePublished":"2020-03-10T18:07:59+00:00","dateModified":"2022-12-06T15:36:53+00:00","breadcrumb":{"@id":"https:\/\/www.brokenwings.nl\/?page_id=2265#breadcrumb"},"inLanguage":"nl-NL","potentialAction":[{"@type":"ReadAction","target":["https:\/\/www.brokenwings.nl\/?page_id=2265"]}]},{"@type":"BreadcrumbList","@id":"https:\/\/www.brokenwings.nl\/?page_id=2265#breadcrumb","itemListElement":[{"@type":"ListItem","position":1,"name":"Home","item":"https:\/\/www.brokenwings.nl\/"},{"@type":"ListItem","position":2,"name":"Historie","item":"https:\/\/www.brokenwings.nl\/?page_id=16"},{"@type":"ListItem","position":3,"name":"75 jaar (+2) bevrijding","item":"https:\/\/www.brokenwings.nl\/?page_id=1536"},{"@type":"ListItem","position":4,"name":"Opening expositie &#8216;Helden in een vergeefse strijd&#8217;"}]},{"@type":"WebSite","@id":"https:\/\/www.brokenwings.nl\/#website","url":"https:\/\/www.brokenwings.nl\/","name":"www.brokenwings.nl","description":"","publisher":{"@id":"https:\/\/www.brokenwings.nl\/#organization"},"potentialAction":[{"@type":"SearchAction","target":{"@type":"EntryPoint","urlTemplate":"https:\/\/www.brokenwings.nl\/?s={search_term_string}"},"query-input":{"@type":"PropertyValueSpecification","valueRequired":true,"valueName":"search_term_string"}}],"inLanguage":"nl-NL"},{"@type":"Organization","@id":"https:\/\/www.brokenwings.nl\/#organization","name":"Stichting Broken Wings","url":"https:\/\/www.brokenwings.nl\/","logo":{"@type":"ImageObject","inLanguage":"nl-NL","@id":"https:\/\/www.brokenwings.nl\/#\/schema\/logo\/image\/","url":"https:\/\/i0.wp.com\/www.brokenwings.nl\/wp-content\/uploads\/2023\/09\/NWE-logo-Broken-Wings.jpg?fit=199%2C136&ssl=1","contentUrl":"https:\/\/i0.wp.com\/www.brokenwings.nl\/wp-content\/uploads\/2023\/09\/NWE-logo-Broken-Wings.jpg?fit=199%2C136&ssl=1","width":199,"height":136,"caption":"Stichting Broken Wings"},"image":{"@id":"https:\/\/www.brokenwings.nl\/#\/schema\/logo\/image\/"},"sameAs":["https:\/\/www.facebook.com\/StichtingBrokenWings\/"]}]}},"jetpack_shortlink":"https:\/\/wp.me\/P43ycQ-Ax","jetpack_sharing_enabled":true,"jetpack-related-posts":[{"id":2218,"url":"https:\/\/www.brokenwings.nl\/?page_id=2218","url_meta":{"origin":2265,"position":0},"title":"Tentoonstellingen 75 jaar bevrijding","author":"Gerrit","date":"27.02.2020","format":false,"excerpt":"Alle festiviteiten van Stichting Vrijheid in Gemeente Epe in het kader van 75 jaar Vrijheid zijn afgelast. Enkele activiteiten zullen mogelijk verplaatst worden naar een later tijdstip. Informatie hierover t.z.t. in lokale media. 2020 : 75 jaar bevrijding in Vaassen - Voorbereidingen tentoonstellingen Stichting Broken Wings is bezig om in\u2026","rel":"","context":"Soortgelijk bericht","block_context":{"text":"Soortgelijk bericht","link":""},"img":{"alt_text":"","src":"https:\/\/i0.wp.com\/www.brokenwings.nl\/wp-content\/uploads\/2020\/02\/IMG_20200220_143119-160x160.jpg?resize=350%2C200","width":350,"height":200},"classes":[]},{"id":1893,"url":"https:\/\/www.brokenwings.nl\/?page_id=1893","url_meta":{"origin":2265,"position":1},"title":"75 jaar bevrijding in Vaassen","author":"Gerrit","date":"30.09.2019","format":false,"excerpt":"Stichting Broken Wings is bezig om in samenwerking met Museum Vaassen Historie, Daams\u2019 Molen en kasteel De Cannenburch een viertal exposities voor te bereiden die verschillende aspecten van 5 jaar oorlog en bezetting (1940 \u2013 1945) in woord en beeld brengen. De locaties voor drie exposities zijn inmiddels bekend nl.\u2026","rel":"","context":"Soortgelijk bericht","block_context":{"text":"Soortgelijk bericht","link":""},"img":{"alt_text":"","src":"","width":0,"height":0},"classes":[]},{"id":2463,"url":"https:\/\/www.brokenwings.nl\/?page_id=2463","url_meta":{"origin":2265,"position":2},"title":"Broken Wings sterren","author":"Gerrit","date":"04.07.2020","format":false,"excerpt":"Uitreiking Broken Wings-ster aan leerlingen van basis- en voortgezet onderwijsin de gemeente Epe Op maandag 13 juli a.s. wordt in aanwezigheid van o.a. wethouder E. Visser, bestuursleden van Broken Wings en leerlingen van groep 8 van de Gerardus Majellaschool in Vaassen de eerste Broken Wings ster uitgereikt op het schoolplein\u2026","rel":"","context":"Soortgelijk bericht","block_context":{"text":"Soortgelijk bericht","link":""},"img":{"alt_text":"","src":"https:\/\/i0.wp.com\/www.brokenwings.nl\/wp-content\/uploads\/2020\/07\/Broken-Wing-ster-75-jr-vrijheid.png?resize=350%2C200","width":350,"height":200},"classes":[]},{"id":3644,"url":"https:\/\/www.brokenwings.nl\/?page_id=3644","url_meta":{"origin":2265,"position":3},"title":"Afsluiting activiteiten 75 Jaar Vrijheid","author":"Gerrit","date":"09.05.2022","format":false,"excerpt":"Vrijdag 6 mei was er de afsluiting van de activiteiten van 75 Jaar Vrijheid in de Gemeente Epe. Om 19.30u was er ophet Kerkplein bij de Grote Kerk een spetterende show door het Mannenkoor en De Dames Draaien Door met als afsluiting een unieke lasershow door AVL.","rel":"","context":"Soortgelijk bericht","block_context":{"text":"Soortgelijk bericht","link":""},"img":{"alt_text":"","src":"","width":0,"height":0},"classes":[]},{"id":3647,"url":"https:\/\/www.brokenwings.nl\/?page_id=3647","url_meta":{"origin":2265,"position":4},"title":"Erebogen bevrijdingsfeesten augustus  1945","author":"Gerrit","date":"16.05.2022","format":false,"excerpt":"(verteld door Emma van der He\u0133den, vr\u0133willigster b\u0133 stichting Broken Wings) We zitten ongeveer 133 dagen na de bevrijding van de gemeente Epe. De verjaardag van Koningin Wilhelmina wordt groots gevierd in de gemeente Epe. Zo worden er over verschillende dagen activiteiten georganiseerd, sportprogramma\u2019s, volksspellen, een kermis, vuurwerk en nog\u2026","rel":"","context":"Soortgelijk bericht","block_context":{"text":"Soortgelijk bericht","link":""},"img":{"alt_text":"","src":"https:\/\/i0.wp.com\/www.brokenwings.nl\/wp-content\/uploads\/2022\/05\/BW-ereboog-1949-160x160.png?resize=350%2C200","width":350,"height":200},"classes":[]},{"id":1923,"url":"https:\/\/www.brokenwings.nl\/?page_id=1923","url_meta":{"origin":2265,"position":5},"title":"Onze activiteiten","author":"Gerrit","date":"08.10.2019","format":false,"excerpt":"Wie is en wat doet Stichting \u2018Broken Wings\u2019 ?\u00a0\u2028 Stichting \u2018Broken Wings\u2019, opgericht in 1997, stelt zich ten doel om hen, die tijdens de 2e Wereldoorlog hun leven gaven voor onze vrijheid, te eren en komende generaties te blijven herinneren aan de offers die zij brachten. \u2018Broken Wings\u2019 doet dit\u2026","rel":"","context":"Soortgelijk bericht","block_context":{"text":"Soortgelijk bericht","link":""},"img":{"alt_text":"","src":"","width":0,"height":0},"classes":[]}],"publishpress_future_action":{"enabled":false,"date":"2026-05-21 09:50:21","action":"change-status","newStatus":"draft","terms":[],"taxonomy":"","extraData":[]},"publishpress_future_workflow_manual_trigger":{"enabledWorkflows":[]},"_links":{"self":[{"href":"https:\/\/www.brokenwings.nl\/index.php?rest_route=\/wp\/v2\/pages\/2265","targetHints":{"allow":["GET"]}}],"collection":[{"href":"https:\/\/www.brokenwings.nl\/index.php?rest_route=\/wp\/v2\/pages"}],"about":[{"href":"https:\/\/www.brokenwings.nl\/index.php?rest_route=\/wp\/v2\/types\/page"}],"author":[{"embeddable":true,"href":"https:\/\/www.brokenwings.nl\/index.php?rest_route=\/wp\/v2\/users\/5"}],"replies":[{"embeddable":true,"href":"https:\/\/www.brokenwings.nl\/index.php?rest_route=%2Fwp%2Fv2%2Fcomments&post=2265"}],"version-history":[{"count":0,"href":"https:\/\/www.brokenwings.nl\/index.php?rest_route=\/wp\/v2\/pages\/2265\/revisions"}],"up":[{"embeddable":true,"href":"https:\/\/www.brokenwings.nl\/index.php?rest_route=\/wp\/v2\/pages\/1536"}],"wp:attachment":[{"href":"https:\/\/www.brokenwings.nl\/index.php?rest_route=%2Fwp%2Fv2%2Fmedia&parent=2265"}],"curies":[{"name":"wp","href":"https:\/\/api.w.org\/{rel}","templated":true}]}}